. Let m be u(2). Suppose -5 = l, 4*l - l = -g - m. What are the prime factors of g?
2, 3
Suppose -5*v + 366 = -3*u, 2*v + 3*u = -75 + 213. What are the prime factors of v?
2, 3
Let m = -14 - -20. Suppose -4*r = -m - 2. Suppose -4 = -r*f + 14. What are the prime factors of f?
3
Let c be 174/(-21) - (-4)/14. Let f(y) = y**2 + 2*y - 8. List the prime factors of f(c).
2, 5
Let j(c) = -2*c**2 - 33*c + 21. What are the prime factors of j(-16)?
37
Let y = -101 - -160. What are the prime factors of y?
59
Let i = 21 + -4. Suppose 2 = -q + i. List the prime factors of q.
3, 5
Let h be 4/(-10) + 24/10. Let o = 0 - h. List the prime factors of (o + 14)/(0 - -1).
2, 3
Let k(y) = 2*y - 3. Let c be k(2). Suppose 2*t - 23 = -c. List the prime factors of t.
11
Let r = 201 - 199. List the prime factors of r.
2
Let a(y) = -y**3 - 4*y**2 + y + 1. Let i be a(-4). Let u = 8 + i. List the prime factors of u.
5
Let i be 2 + 6/(5 + -2). Suppose -i*s = -2*s - 26. List the prime factors of s.
13
Let y = 2 - 1. Suppose -4*c - 30 = -2*u, -26 = 3*c + u - y. Let z = 15 + c. List the prime factors of z.
7
Suppose m - 4*p - 7 = 4, 3*m - 98 = -p. Let h = m + -11. What are the prime factors of h?
2, 5
Let n = -1 + 4. Let j be -3 + 1 - (n - 3). Let q = j - -6. What are the prime factors of q?
2
List the prime factors of (2/(-4))/(21/(-6342)).
151
Let m(z) = -4*z + 6*z**2 - 15 + 9 - z**3 + 13. What are the prime factors of m(5)?
2, 3
Suppose 3*w = 85 - 28. Suppose 4*b = -5*p - 1 - w, -4*b + 2*p = -8. Suppose a + b*a = 16. List the prime factors of a.
2
Let f(i) = -21*i + 18. What are the prime factors of f(-7)?
3, 5, 11
Suppose 0 = -5*w - 0*p + p + 11, -2 = 2*p. What are the prime factors of (-9)/2*w*-4?
2, 3
Let u(h) = h**2 - h - 4. Let y be u(-5). Let n = y + 0. List the prime factors of n.
2, 13
Let b be -22 + 0 - (0 + -2). Let k = b + 29. Suppose -4*c - 20 = -k*c. What are the prime factors of c?
2
Let m(x) = x**3 - 4*x**2 - 6*x + 5. List the prime factors of m(6).
41
Let v(d) = -d**2 - 5 + 0 - 8*d + 1. Suppose p + p + 6 = 0. What are the prime factors of v(p)?
11
Let w be 8/(-6)*6/4. Let t be ((-13)/(-4) + w)*4. Suppose t*n - 14 = 2*b, 0 = 4*b + 4*n + 2 - 30. List the prime factors of b.
3
Suppose 2*l = -4*z - 32, -90 = 4*l - 2*z - 3*z. Let m = 40 - 11. Let w = l + m. What are the prime factors of w?
3
Suppose 3*n - 4*m - 51 = -3*m, -63 = -3*n - 3*m. Let l be 0 + (2 - (0 - n)). Let q = -12 + l. What are the prime factors of q?
2
Let y = 113 + -60. List the prime factors of y.
53
Let f(w) = -w**2 - 2*w + 58. Let l be f(0). Suppose 5*x - 57 = l. What are the prime factors of x?
23
Let k(t) = -t + t - 2 + 2*t. Let s be k(-2). Let b = 4 - s. List the prime factors of b.
2, 5
Let b = 64 + 12. List the prime factors of b.
2, 19
Let w(t) = t**3 + 9*t**2 - 6*t + 22. What are the prime factors of w(-9)?
2, 19
Suppose -5 = -2*l + 3. Suppose 2*g = l*v + 22, -3*g = v + 3 - 15. Suppose 3*c = 2*c + g. What are the prime factors of c?
5
Suppose 404 = n + 3*n. List the prime factors of n.
101
Let f be (-2 - -2) + (2 - 3). What are the prime factors of (-1)/((-46)/44 - f)?
2, 11
Let j be (-3)/12*2*-12. Suppose 4*y - j*y = 10, 39 = 4*z + y. List the prime factors of z.
11
Let q be (1 + -1)/((-4)/(-2)). Suppose -4*a + 2*y = a - 20, -a + y + 4 = q. Suppose -2*c + a + 4 = 0. List the prime factors of c.
2
Let w(m) = -m + 7. What are the prime factors of w(-9)?
2
Suppose -2*g + h = -0*h - 53, 2*h - 155 = -5*g. Let z = -50 + 29. Let i = z + g. List the prime factors of i.
2
Let v = 15 + -11. What are the prime factors of (v/1)/(10/25)?
2, 5
Let x(j) = j**3 - 10*j**2 + 4*j + 2. Let v be x(4). What are the prime factors of (9/6)/((-3)/v)?
3, 13
Let w = 18 + 3. Let z = w + 7. Suppose -4*c + 56 = -5*i, -z = -5*c - i + 13. List the prime factors of c.
3
List the prime factors of (3 + -471)/(-3) + (-2 - 1).
3, 17
Let r(k) = 10*k**2 + 4*k + 3. List the prime factors of r(3).
3, 5, 7
Suppose -a + 1 = 5*z, 3*a + 2*a + 22 = 2*z. What are the prime factors of ((-10)/a)/((-4)/(-8))?
5
Suppose z - 1 = -2*p, -5*z + 2 = 3*p - 3*z. Let x be 22/5 + (-4)/10. Suppose 5*t + 19 = -3*s, p = x*s - s - 4*t - 26. What are the prime factors of s?
2
Suppose 0 = -4*f + 6*f. Let b = 0 + f. Suppose b*c = c - 6. What are the prime factors of c?
2, 3
Suppose 0 = 2*m + m. Suppose 0 = -m*r - 2*r + 26. What are the prime factors of r?
13
Let h be (-304)/24 + (-2)/(-3). What are the prime factors of (-1)/(-1*(-4)/h)?
3
Suppose 0 = -r + 2*o + 2, 2*r + 5*o - 5 = -1. Suppose t = -t + 4*x + 34, r*x = 3*t - 35. List the prime factors of t.
3
Let t(z) = 21*z**2 - 2*z - 2. List the prime factors of t(-1).
3, 7
Let m be (-4)/10 - 22/(-5). Suppose -149 = -3*z - 0*s - 4*s, 0 = -m*z - 4*s + 192. What are the prime factors of z?
43
Suppose -16*k = -21*k + 840. What are the prime factors of k?
2, 3, 7
Let q = -76 + 92. List the prime factors of q.
2
Let u(s) = -s + 12. Let j be u(10). Let m = j + 1. List the prime factors of m.
3
Suppose 2*g - u + 77 = 0, -5*g + 5*u - 195 = 3*u. Let j = g + 58. What are the prime factors of j?
17
Let d = -7 + 9. Suppose -x - d*x + 126 = 0. What are the prime factors of x?
2, 3, 7
Suppose 0 = -0*v - 3*v + 42. Suppose 3*b = 4*b - v. List the prime factors of ((-72)/21)/(-4)*b.
2, 3
List the prime factors of ((-356)/3)/(14/(-21)).
2, 89
Suppose -5*d - 268 = -4*b, 0 = -d + 6*d. Suppose -25 = -3*v - b. List the prime factors of 2/8 + v/(-8).
2
Let g = 749 + -535. What are the prime factors of g?
2, 107
Suppose 2*p + 1 = -7, -3*a + 168 = -3*p. What are the prime factors of a?
2, 13
Suppose 7*c - 951 = 1051. What are the prime factors of c?
2, 11, 13
Suppose -12 = -3*u + 3. Suppose u*d - 124 = d. Suppose d = 2*b + 9. What are the prime factors of b?
11
What are the prime factors of ((-5 - -11) + -1)/1?
5
Let i = -43 + 143. List the prime factors of i.
2, 5
Suppose -2*v + 36 = -v - 5*k, 2*v - 5*k - 47 = 0. What are the prime factors of v?
11
Let h be 1 - -3 - (-2 - -1). Let d be (2/(-3))/((-4)/30). Suppose 5*k + d*o - 20 = 0, 2*o + 43 + h = 5*k. What are the prime factors of k?
2
Let l be (1/(-1))/((-3)/15). Suppose -3*c + 10 = -l. Suppose -j - 15 = -0*j + c*k, 31 = 3*j - 4*k. What are the prime factors of j?
5
Suppose 32 = d - 5*d. Let q(c) = -c**3 - 8*c**2 - 3. Let m be q(d). Let f(g) = -g**3 - 3*g**2 - 2*g + 4. List the prime factors of f(m).
2, 5
Let c(t) be the second derivative of t**3/3 - 3*t**2/2 + 4*t. What are the prime factors of c(4)?
5
Let b = -4 - -1. Let n(j) = 4*j - 3. Let r(t) = -4*t + 4. Let z(s) = -4*n(s) - 3*r(s). What are the prime factors of z(b)?
2, 3
Let g(q) = 6*q**2 + 3*q + 3. Let z be g(-2). Suppose 2 = -v + z. Suppose 7 = -3*f - 8, 0 = -3*a - 4*f + v. What are the prime factors of a?
13
Suppose 2*r = -2 + 10. Suppose -5*y + 262 = -r*a, 2*y + 2*a = 49 + 45. Suppose -y = -8*t + 3*t. List the prime factors of t.
2, 5
Let q(i) = i - 2. Let j(p) = p**2 + 6*p - 2. Let a be j(-5). Let g be q(a). Let x = 4 - g. List the prime factors of x.
13
Let y(u) = 20 + u**2 - 8*u - 26 + u. What are the prime factors of y(9)?
2, 3
Let i(r) = -r**2 - 4*r + 7. Let d be i(-5). List the prime factors of 9 + -2 + 2 + d.
11
Let f be (-42)/(-2) - 0 - 2. Let i = f - 11. What are the prime factors of i?
2
Let t(z) = 237*z**2 - 3*z + 2. List the prime factors of t(1).
2, 59
Let v be (-9)/3 + 0 + 5. Suppose -3 + 15 = v*t. What are the prime factors of 51/9 + 2/t?
2, 3
Suppose -v + 43 = -57. What are the prime factors of v?
2, 5
Suppose -4*t + 4 = -4*u, -2*t + 12 + 0 = -4*u. List the prime factors of (0 - u) + 2 + -1.
2, 3
Suppose -l + 13 + 53 = 0. What are the prime factors of l?
2, 3, 11
Let c = 280 - 0. List the prime factors of c.
2, 5, 7
Let v = 33 - 6. Suppose 4*p - v - 21 = 0. What are the prime factors of p?
2, 3
Let p = 85 - 20. What are the prime factors of p?
5, 13
Let i(g) = -g + 14. Let m(c) = -c**2 - 11*c + 10. Let k be m(-11). What are the prime factors of i(k)?
2
Suppose 0 = c - 3*x - 585, -1158 = c - 3*c + 3*x. List the prime factors of (-2)/(-16) + c/24.
2, 3
Let g = -7 + 7. Suppose 0 = -g*y + 2*y. Suppose 4*a - a - 12 = y. What are the prime factors of a?
2
Suppose 4*q - 117 = -5*o, o - 31 = -0*o + 3*q. Let i = -1 + 6. Suppose -o + i = -4*m. What are the prime factors of m?
5
What are the prime facto